{"id":425,"date":"2025-08-27T11:09:01","date_gmt":"2025-08-27T11:09:01","guid":{"rendered":"https:\/\/laboratoire-ods.com\/?page_id=425"},"modified":"2025-10-30T09:02:27","modified_gmt":"2025-10-30T09:02:27","slug":"notre-outil-industriel","status":"publish","type":"page","link":"https:\/\/laboratoire-ods.com\/index.php\/notre-outil-industriel\/","title":{"rendered":"Notre outil industriel"},"content":{"rendered":"\n<p class=\"has-medium-font-size\">Pour r\u00e9pondre \u00e0 vos besoins, nous poss\u00e9dons 3 unit\u00e9s de fabrication et de conditionnement pour : les pr\u00e9parations en poudre, les gels \u00e9nerg\u00e9tiques et comprim\u00e9s de compl\u00e9ments alimentaires.<br>Flexibles et performantes, elles s\u2019adaptent \u00e0 la forme de votre produit et \u00e0 vos volumes de fabrication.<br>Notre \u00e9quipe veille aux respects de vos exigences, de l\u2019approvisionnement des mati\u00e8res premi\u00e8res \u00e0 la livraison de vos produits. <\/p>\n\n\n\n<div id=\"wp-block-themeisle-blocks-advanced-columns-29c9ec04\" class=\"wp-block-themeisle-blocks-advanced-columns alignfull has-3-columns has-desktop-equal-layout has-tablet-equal-layout has-mobile-collapsedRows-layout has-vertical-unset\"><div class=\"wp-block-themeisle-blocks-advanced-columns-overlay\"><\/div><div class=\"innerblocks-wrap\">\n<div id=\"wp-block-themeisle-blocks-advanced-column-0c1c72c3\" class=\"wp-block-themeisle-blocks-advanced-column\">\n<figure class=\"wp-block-image size-large has-custom-border\"><img loading=\"lazy\" decoding=\"async\" width=\"768\" height=\"1024\" src=\"https:\/\/laboratoire-ods.com\/wp-content\/uploads\/2025\/08\/Sticks-768x1024.jpg\" alt=\"\" class=\"wp-image-570\" style=\"border-style:none;border-width:0px;border-radius:0px\" srcset=\"https:\/\/laboratoire-ods.com\/wp-content\/uploads\/2025\/08\/Sticks-768x1024.jpg 768w, https:\/\/laboratoire-ods.com\/wp-content\/uploads\/2025\/08\/Sticks-225x300.jpg 225w, https:\/\/laboratoire-ods.com\/wp-content\/uploads\/2025\/08\/Sticks-1152x1536.jpg 1152w, https:\/\/laboratoire-ods.com\/wp-content\/uploads\/2025\/08\/Sticks-1536x2048.jpg 1536w, https:\/\/laboratoire-ods.com\/wp-content\/uploads\/2025\/08\/Sticks-scaled.jpg 1920w\" sizes=\"auto, (max-width: 706px) 89vw, (max-width: 767px) 82vw, 740px\" \/><\/figure>\n<\/div>\n\n\n\n<div id=\"wp-block-themeisle-blocks-advanced-column-28d7c423\" class=\"wp-block-themeisle-blocks-advanced-column\">\n<figure class=\"wp-block-image size-large has-custom-border\"><img loading=\"lazy\" decoding=\"async\" width=\"772\" height=\"1024\" src=\"https:\/\/laboratoire-ods.com\/wp-content\/uploads\/2025\/08\/Fenwick-772x1024.jpg\" alt=\"\" class=\"wp-image-571\" style=\"border-style:none;border-width:0px;border-radius:0px\" srcset=\"https:\/\/laboratoire-ods.com\/wp-content\/uploads\/2025\/08\/Fenwick-772x1024.jpg 772w, https:\/\/laboratoire-ods.com\/wp-content\/uploads\/2025\/08\/Fenwick-226x300.jpg 226w, https:\/\/laboratoire-ods.com\/wp-content\/uploads\/2025\/08\/Fenwick-768x1019.jpg 768w, https:\/\/laboratoire-ods.com\/wp-content\/uploads\/2025\/08\/Fenwick-1157x1536.jpg 1157w, https:\/\/laboratoire-ods.com\/wp-content\/uploads\/2025\/08\/Fenwick-1543x2048.jpg 1543w, https:\/\/laboratoire-ods.com\/wp-content\/uploads\/2025\/08\/Fenwick-scaled.jpg 1929w\" sizes=\"auto, (max-width: 706px) 89vw, (max-width: 767px) 82vw, 740px\" \/><\/figure>\n<\/div>\n\n\n\n<div id=\"wp-block-themeisle-blocks-advanced-column-771be624\" class=\"wp-block-themeisle-blocks-advanced-column\">\n<figure class=\"wp-block-image size-large has-custom-border\"><img loading=\"lazy\" decoding=\"async\" width=\"768\" height=\"1024\" src=\"http:\/\/laboratoire-ods.com\/wp-content\/uploads\/2025\/08\/Boites-768x1024.jpg\" alt=\"\" class=\"wp-image-573\" style=\"border-style:none;border-width:0px;border-radius:0px\" srcset=\"https:\/\/laboratoire-ods.com\/wp-content\/uploads\/2025\/08\/Boites-768x1024.jpg 768w, https:\/\/laboratoire-ods.com\/wp-content\/uploads\/2025\/08\/Boites-225x300.jpg 225w, https:\/\/laboratoire-ods.com\/wp-content\/uploads\/2025\/08\/Boites-1152x1536.jpg 1152w, https:\/\/laboratoire-ods.com\/wp-content\/uploads\/2025\/08\/Boites-1536x2048.jpg 1536w, https:\/\/laboratoire-ods.com\/wp-content\/uploads\/2025\/08\/Boites-scaled.jpg 1920w\" sizes=\"auto, (max-width: 706px) 89vw, (max-width: 767px) 82vw, 740px\" \/><\/figure>\n<\/div>\n<\/div><\/div>\n\n\n\n<p class=\"has-medium-font-size\">Nos capacit\u00e9s de production ont \u00e9t\u00e9 renforc\u00e9es par l&rsquo;acquisition d&rsquo;un nouvel outil de production permettant de conditionner nos pr\u00e9parations en poudre sous forme de sticks de 5 \u00e0 100g sous diff\u00e9rents formats.<\/p>\n\n\n\n<figure class=\"wp-block-image size-large animated fadeInDown\"><img loading=\"lazy\" decoding=\"async\" width=\"1024\" height=\"826\" src=\"http:\/\/laboratoire-ods.com\/wp-content\/uploads\/2025\/10\/MACHINE_STICKS-2-1024x826.jpg\" alt=\"\" class=\"wp-image-664\" srcset=\"https:\/\/laboratoire-ods.com\/wp-content\/uploads\/2025\/10\/MACHINE_STICKS-2-1024x826.jpg 1024w, https:\/\/laboratoire-ods.com\/wp-content\/uploads\/2025\/10\/MACHINE_STICKS-2-300x242.jpg 300w, https:\/\/laboratoire-ods.com\/wp-content\/uploads\/2025\/10\/MACHINE_STICKS-2-768x620.jpg 768w, https:\/\/laboratoire-ods.com\/wp-content\/uploads\/2025\/10\/MACHINE_STICKS-2-1536x1239.jpg 1536w, https:\/\/laboratoire-ods.com\/wp-content\/uploads\/2025\/10\/MACHINE_STICKS-2.jpg 1800w\" sizes=\"auto, (max-width: 706px) 89vw, (max-width: 767px) 82vw, 740px\" \/><\/figure>\n","protected":false},"excerpt":{"rendered":"<p>Pour r\u00e9pondre \u00e0 vos besoins, nous poss\u00e9dons 3 unit\u00e9s de fabrication et de conditionnement pour : les pr\u00e9parations en poudre, les gels \u00e9nerg\u00e9tiques et comprim\u00e9s de compl\u00e9ments alimentaires.Flexibles et performantes, elles s\u2019adaptent \u00e0 la forme de votre produit et \u00e0 vos volumes de fabrication.Notre \u00e9quipe veille aux respects de vos exigences, de l\u2019approvisionnement des mati\u00e8res &hellip; <\/p>\n<p class=\"link-more\"><a href=\"https:\/\/laboratoire-ods.com\/index.php\/notre-outil-industriel\/\" class=\"more-link\">Continuer la lecture<span class=\"screen-reader-text\"> de &laquo;&nbsp;Notre outil industriel&nbsp;&raquo;<\/span><\/a><\/p>\n","protected":false},"author":1,"featured_media":0,"parent":0,"menu_order":0,"comment_status":"closed","ping_status":"closed","template":"","meta":{"_themeisle_gutenberg_block_has_review":false,"footnotes":""},"class_list":["post-425","page","type-page","status-publish","hentry"],"yoast_head":"<!-- This site is optimized with the Yoast SEO plugin v26.6 - https:\/\/yoast.com\/wordpress\/plugins\/seo\/ -->\n<title>Notre outil industriel - Laboratoire O.D.S %<\/title>\n<meta name=\"description\" content=\"Le Laboratoire O.D.S, fort d\u2019une expertise de plus de 15 ans, accompagne les plus grandes marques europ\u00e9ennes de la nutrition sportive, de la sant\u00e9 et des produits biologiques.\" \/>\n<meta name=\"robots\" content=\"index, follow, max-snippet:-1, max-image-preview:large, max-video-preview:-1\" \/>\n<link rel=\"canonical\" href=\"https:\/\/laboratoire-ods.com\/index.php\/notre-outil-industriel\/\" \/>\n<meta property=\"og:locale\" content=\"fr_FR\" \/>\n<meta property=\"og:type\" content=\"article\" \/>\n<meta property=\"og:title\" content=\"Notre outil industriel - Laboratoire O.D.S %\" \/>\n<meta property=\"og:description\" content=\"Le Laboratoire O.D.S, fort d\u2019une expertise de plus de 15 ans, accompagne les plus grandes marques europ\u00e9ennes de la nutrition sportive, de la sant\u00e9 et des produits biologiques.\" \/>\n<meta property=\"og:url\" content=\"https:\/\/laboratoire-ods.com\/index.php\/notre-outil-industriel\/\" \/>\n<meta property=\"og:site_name\" content=\"Laboratoire O.D.S\" \/>\n<meta property=\"article:modified_time\" content=\"2025-10-30T09:02:27+00:00\" \/>\n<meta property=\"og:image\" content=\"https:\/\/laboratoire-ods.com\/wp-content\/uploads\/2025\/08\/Sticks-scaled.jpg\" \/>\n\t<meta property=\"og:image:width\" content=\"1920\" \/>\n\t<meta property=\"og:image:height\" content=\"2560\" \/>\n\t<meta property=\"og:image:type\" content=\"image\/jpeg\" \/>\n<meta name=\"twitter:card\" content=\"summary_large_image\" \/>\n<meta name=\"twitter:label1\" content=\"Dur\u00e9e de lecture estim\u00e9e\" \/>\n\t<meta name=\"twitter:data1\" content=\"2 minutes\" \/>\n<script type=\"application\/ld+json\" class=\"yoast-schema-graph\">{\"@context\":\"https:\/\/schema.org\",\"@graph\":[{\"@type\":\"WebPage\",\"@id\":\"https:\/\/laboratoire-ods.com\/index.php\/notre-outil-industriel\/\",\"url\":\"https:\/\/laboratoire-ods.com\/index.php\/notre-outil-industriel\/\",\"name\":\"Notre outil industriel - Laboratoire O.D.S %\",\"isPartOf\":{\"@id\":\"https:\/\/laboratoire-ods.com\/#website\"},\"primaryImageOfPage\":{\"@id\":\"https:\/\/laboratoire-ods.com\/index.php\/notre-outil-industriel\/#primaryimage\"},\"image\":{\"@id\":\"https:\/\/laboratoire-ods.com\/index.php\/notre-outil-industriel\/#primaryimage\"},\"thumbnailUrl\":\"https:\/\/laboratoire-ods.com\/wp-content\/uploads\/2025\/08\/Sticks-768x1024.jpg\",\"datePublished\":\"2025-08-27T11:09:01+00:00\",\"dateModified\":\"2025-10-30T09:02:27+00:00\",\"description\":\"Le Laboratoire O.D.S, fort d\u2019une expertise de plus de 15 ans, accompagne les plus grandes marques europ\u00e9ennes de la nutrition sportive, de la sant\u00e9 et des produits biologiques.\",\"breadcrumb\":{\"@id\":\"https:\/\/laboratoire-ods.com\/index.php\/notre-outil-industriel\/#breadcrumb\"},\"inLanguage\":\"fr-FR\",\"potentialAction\":[{\"@type\":\"ReadAction\",\"target\":[\"https:\/\/laboratoire-ods.com\/index.php\/notre-outil-industriel\/\"]}]},{\"@type\":\"ImageObject\",\"inLanguage\":\"fr-FR\",\"@id\":\"https:\/\/laboratoire-ods.com\/index.php\/notre-outil-industriel\/#primaryimage\",\"url\":\"https:\/\/laboratoire-ods.com\/wp-content\/uploads\/2025\/08\/Sticks-scaled.jpg\",\"contentUrl\":\"https:\/\/laboratoire-ods.com\/wp-content\/uploads\/2025\/08\/Sticks-scaled.jpg\",\"width\":1920,\"height\":2560},{\"@type\":\"BreadcrumbList\",\"@id\":\"https:\/\/laboratoire-ods.com\/index.php\/notre-outil-industriel\/#breadcrumb\",\"itemListElement\":[{\"@type\":\"ListItem\",\"position\":1,\"name\":\"Accueil\",\"item\":\"https:\/\/laboratoire-ods.com\/\"},{\"@type\":\"ListItem\",\"position\":2,\"name\":\"Notre outil industriel\"}]},{\"@type\":\"WebSite\",\"@id\":\"https:\/\/laboratoire-ods.com\/#website\",\"url\":\"https:\/\/laboratoire-ods.com\/\",\"name\":\"Laboratoire ODS\",\"description\":\"[Expert en produits nutritifs innovants - Fabrication en France . Bretagne]\",\"publisher\":{\"@id\":\"https:\/\/laboratoire-ods.com\/#organization\"},\"alternateName\":\"labo dos\",\"potentialAction\":[{\"@type\":\"SearchAction\",\"target\":{\"@type\":\"EntryPoint\",\"urlTemplate\":\"https:\/\/laboratoire-ods.com\/?s={search_term_string}\"},\"query-input\":{\"@type\":\"PropertyValueSpecification\",\"valueRequired\":true,\"valueName\":\"search_term_string\"}}],\"inLanguage\":\"fr-FR\"},{\"@type\":\"Organization\",\"@id\":\"https:\/\/laboratoire-ods.com\/#organization\",\"name\":\"Laboratoire ODS\",\"alternateName\":\"Laboratoire ODS Expert en produits nutritifs innovants\",\"url\":\"https:\/\/laboratoire-ods.com\/\",\"logo\":{\"@type\":\"ImageObject\",\"inLanguage\":\"fr-FR\",\"@id\":\"https:\/\/laboratoire-ods.com\/#\/schema\/logo\/image\/\",\"url\":\"https:\/\/laboratoire-ods.com\/wp-content\/uploads\/2025\/09\/image001.jpg\",\"contentUrl\":\"https:\/\/laboratoire-ods.com\/wp-content\/uploads\/2025\/09\/image001.jpg\",\"width\":600,\"height\":166,\"caption\":\"Laboratoire ODS\"},\"image\":{\"@id\":\"https:\/\/laboratoire-ods.com\/#\/schema\/logo\/image\/\"},\"sameAs\":[\"https:\/\/www.linkedin.com\/company\/laboratoire-ods\/\"]}]}<\/script>\n<!-- \/ Yoast SEO plugin. -->","yoast_head_json":{"title":"Notre outil industriel - Laboratoire O.D.S %","description":"Le Laboratoire O.D.S, fort d\u2019une expertise de plus de 15 ans, accompagne les plus grandes marques europ\u00e9ennes de la nutrition sportive, de la sant\u00e9 et des produits biologiques.","robots":{"index":"index","follow":"follow","max-snippet":"max-snippet:-1","max-image-preview":"max-image-preview:large","max-video-preview":"max-video-preview:-1"},"canonical":"https:\/\/laboratoire-ods.com\/index.php\/notre-outil-industriel\/","og_locale":"fr_FR","og_type":"article","og_title":"Notre outil industriel - Laboratoire O.D.S %","og_description":"Le Laboratoire O.D.S, fort d\u2019une expertise de plus de 15 ans, accompagne les plus grandes marques europ\u00e9ennes de la nutrition sportive, de la sant\u00e9 et des produits biologiques.","og_url":"https:\/\/laboratoire-ods.com\/index.php\/notre-outil-industriel\/","og_site_name":"Laboratoire O.D.S","article_modified_time":"2025-10-30T09:02:27+00:00","og_image":[{"width":1920,"height":2560,"url":"https:\/\/laboratoire-ods.com\/wp-content\/uploads\/2025\/08\/Sticks-scaled.jpg","type":"image\/jpeg"}],"twitter_card":"summary_large_image","twitter_misc":{"Dur\u00e9e de lecture estim\u00e9e":"2 minutes"},"schema":{"@context":"https:\/\/schema.org","@graph":[{"@type":"WebPage","@id":"https:\/\/laboratoire-ods.com\/index.php\/notre-outil-industriel\/","url":"https:\/\/laboratoire-ods.com\/index.php\/notre-outil-industriel\/","name":"Notre outil industriel - Laboratoire O.D.S %","isPartOf":{"@id":"https:\/\/laboratoire-ods.com\/#website"},"primaryImageOfPage":{"@id":"https:\/\/laboratoire-ods.com\/index.php\/notre-outil-industriel\/#primaryimage"},"image":{"@id":"https:\/\/laboratoire-ods.com\/index.php\/notre-outil-industriel\/#primaryimage"},"thumbnailUrl":"https:\/\/laboratoire-ods.com\/wp-content\/uploads\/2025\/08\/Sticks-768x1024.jpg","datePublished":"2025-08-27T11:09:01+00:00","dateModified":"2025-10-30T09:02:27+00:00","description":"Le Laboratoire O.D.S, fort d\u2019une expertise de plus de 15 ans, accompagne les plus grandes marques europ\u00e9ennes de la nutrition sportive, de la sant\u00e9 et des produits biologiques.","breadcrumb":{"@id":"https:\/\/laboratoire-ods.com\/index.php\/notre-outil-industriel\/#breadcrumb"},"inLanguage":"fr-FR","potentialAction":[{"@type":"ReadAction","target":["https:\/\/laboratoire-ods.com\/index.php\/notre-outil-industriel\/"]}]},{"@type":"ImageObject","inLanguage":"fr-FR","@id":"https:\/\/laboratoire-ods.com\/index.php\/notre-outil-industriel\/#primaryimage","url":"https:\/\/laboratoire-ods.com\/wp-content\/uploads\/2025\/08\/Sticks-scaled.jpg","contentUrl":"https:\/\/laboratoire-ods.com\/wp-content\/uploads\/2025\/08\/Sticks-scaled.jpg","width":1920,"height":2560},{"@type":"BreadcrumbList","@id":"https:\/\/laboratoire-ods.com\/index.php\/notre-outil-industriel\/#breadcrumb","itemListElement":[{"@type":"ListItem","position":1,"name":"Accueil","item":"https:\/\/laboratoire-ods.com\/"},{"@type":"ListItem","position":2,"name":"Notre outil industriel"}]},{"@type":"WebSite","@id":"https:\/\/laboratoire-ods.com\/#website","url":"https:\/\/laboratoire-ods.com\/","name":"Laboratoire ODS","description":"[Expert en produits nutritifs innovants - Fabrication en France . Bretagne]","publisher":{"@id":"https:\/\/laboratoire-ods.com\/#organization"},"alternateName":"labo dos","potentialAction":[{"@type":"SearchAction","target":{"@type":"EntryPoint","urlTemplate":"https:\/\/laboratoire-ods.com\/?s={search_term_string}"},"query-input":{"@type":"PropertyValueSpecification","valueRequired":true,"valueName":"search_term_string"}}],"inLanguage":"fr-FR"},{"@type":"Organization","@id":"https:\/\/laboratoire-ods.com\/#organization","name":"Laboratoire ODS","alternateName":"Laboratoire ODS Expert en produits nutritifs innovants","url":"https:\/\/laboratoire-ods.com\/","logo":{"@type":"ImageObject","inLanguage":"fr-FR","@id":"https:\/\/laboratoire-ods.com\/#\/schema\/logo\/image\/","url":"https:\/\/laboratoire-ods.com\/wp-content\/uploads\/2025\/09\/image001.jpg","contentUrl":"https:\/\/laboratoire-ods.com\/wp-content\/uploads\/2025\/09\/image001.jpg","width":600,"height":166,"caption":"Laboratoire ODS"},"image":{"@id":"https:\/\/laboratoire-ods.com\/#\/schema\/logo\/image\/"},"sameAs":["https:\/\/www.linkedin.com\/company\/laboratoire-ods\/"]}]}},"_links":{"self":[{"href":"https:\/\/laboratoire-ods.com\/index.php\/wp-json\/wp\/v2\/pages\/425","targetHints":{"allow":["GET"]}}],"collection":[{"href":"https:\/\/laboratoire-ods.com\/index.php\/wp-json\/wp\/v2\/pages"}],"about":[{"href":"https:\/\/laboratoire-ods.com\/index.php\/wp-json\/wp\/v2\/types\/page"}],"author":[{"embeddable":true,"href":"https:\/\/laboratoire-ods.com\/index.php\/wp-json\/wp\/v2\/users\/1"}],"replies":[{"embeddable":true,"href":"https:\/\/laboratoire-ods.com\/index.php\/wp-json\/wp\/v2\/comments?post=425"}],"version-history":[{"count":17,"href":"https:\/\/laboratoire-ods.com\/index.php\/wp-json\/wp\/v2\/pages\/425\/revisions"}],"predecessor-version":[{"id":672,"href":"https:\/\/laboratoire-ods.com\/index.php\/wp-json\/wp\/v2\/pages\/425\/revisions\/672"}],"wp:attachment":[{"href":"https:\/\/laboratoire-ods.com\/index.php\/wp-json\/wp\/v2\/media?parent=425"}],"curies":[{"name":"wp","href":"https:\/\/api.w.org\/{rel}","templated":true}]}}